ctors of 370/6 - 15/(-45)?
2, 31
Let j(z) = 7*z**2 + z + 7 - 4 + z**3 - 2*z**2. Let b be j(-3). Suppose 3*v - 3*u = 13 + 5, -5*v + u = -b. List the prime factors of v.
3
Let k(p) = -p**2 - 7*p + 4. Let j be k(-7). Suppose j*i - 94 = 2. List the prime factors of i.
2, 3
Suppose g = -6 + 8. Suppose 2*j + k = 3*k + 8, 5 = 5*k. Suppose z + j = g*z. What are the prime factors of z?
5
List the prime factors of ((-146)/(-4))/(7 - 65/10).
73
Suppose 2*c - 255 = -3*g, -g + 5*c + 57 = -45. What are the prime factors of g?
3, 29
Suppose 0 = 3*q - 0*q. Let r = q - -7. List the prime factors of r.
7
Suppose 44 - 10 = 2*d. What are the prime factors of d?
17
Let w = 18 - -106. List the prime factors of w.
2, 31
Suppose 5*c + 50 = -2*o + o, -3*o + 30 = -3*c. Suppose x = 4*x. Let m = x - c. What are the prime factors of m?
2, 5
Let f = -11 + 19. What are the prime factors of f?
2
Let t = -1 + 3. Suppose -t*n = -7*n + 10. Suppose n*o + 3*o - 35 = 0. What are the prime factors of o?
7
Suppose 0 = -2*p - x - 0*x + 7, 4*p - 5*x = -21. Suppose p + 16 = y. What are the prime factors of y?
17
What are the prime factors of 28/21 + 62/3?
2, 11
Let r = 10 - 5. Suppose -2*j + 3*a - 17 = 0, -r*j - a - 8 = 3*a. Let s = 6 + j. What are the prime factors of s?
2
Let u be (-2)/(-4) - (-6)/(-4). Let s(p) = 26*p - 1. Let v be s(u). Let k = -15 - v. List the prime factors of k.
2, 3
List the prime factors of 4/(-18) - (-677)/9.
3, 5
Let b = -5 + 10. Suppose b*f - 23 - 2 = 0. Suppose -f*k - 16 = 9, -5*k = n + 9. List the prime factors of n.
2
Suppose -2*k = 5*o - 29, -k = -6 + 4. Suppose -o*w + 56 = 6. List the prime factors of w.
2, 5
Suppose 3*y + 47 = 2*l - 488, -2*y - 270 = -l. List the prime factors of l.
2, 5, 13
Let r(a) be the first derivative of a**3/3 + a**2 - 4. Let j be r(-3). Suppose -3*c - j*n = -8*n - 20, 0 = -5*c + 3*n + 60. What are the prime factors of c?
3, 5
Let v(n) = n**3 - 8*n**2 - n + 1. Let d be v(8). Let h = d - -6. List the prime factors of (4 - 1) + h + 10.
2, 3
Suppose -8*q = -7*q - 88. List the prime factors of q.
2, 11
Let a(x) = x**3 - 11*x**2 + 9*x + 12. Let p be a(10). Suppose p*t - 4*t = -56. List the prime factors of t.
2, 7
Let h(y) = 7*y + 2. Let j be h(6). Suppose 5*a - b = 76, 4*a + b - j - 15 = 0. List the prime factors of a.
3, 5
Let z = -53 - -121. What are the prime factors of z?
2, 17
Let n(p) = -3*p + 1. Let j(g) = -2*g**2 - 2*g**3 - 3 - g**2 + g**3. Let l be j(-3). List the prime factors of n(l).
2, 5
Let o(k) = -k**2 - 9*k + 13. Let v be o(-9). Suppose -9*p - 92 = -v*p. List the prime factors of p.
23
Let h be -11 - (-2)/4*0. Let c = -6 - h. Suppose 4*p = -c*n + 3*n + 28, 25 = 5*p + 5*n. What are the prime factors of p?
3
Let m be (-28)/6 - (-4)/6. Let z be (m/6)/((-2)/102). Suppose -3*f + 2*k + z = 8, -28 = -2*f - 4*k. What are the prime factors of f?
2, 5
Let y(g) = -g**2 - 4*g - 9. Let m be y(-6). Let q be (-2)/4*(m - -3). What are the prime factors of (-4)/(-18) + 61/q?
7
Let m = -3 - -3. Suppose -2*f + m*f = -4. List the prime factors of f.
2
Let g(f) = 11*f + 58. List the prime factors of g(9).
157
List the prime factors of (-63)/(-5) + 32/80.
13
Suppose 3*l = o + 7, 4 - 37 = -2*l - 5*o. Suppose 4*b - l*x + 25 = 69, 0 = -b + 4*x + 2. What are the prime factors of b?
2, 7
List the prime factors of -1 - (1 - ((-135)/(-1) + 3)).
2, 17
Let u(h) = -h**3 - 8*h**2 - 8*h + 3. List the prime factors of u(-7).
2, 5
Let z = -82 - -144. What are the prime factors of z?
2, 31
Suppose 4*h = 3*c + 3*h + 61, -2*h = c + 11. Let v = -43 - -12. Let q = c - v. List the prime factors of q.
2, 3
Let d(o) = -2*o + 3. Let h be d(-6). List the prime factors of ((-5)/h)/(2/(-18)).
3
Let q(j) be the second derivative of j**4/12 - 5*j**3/6 + 7*j**2/2 - 2*j. Suppose 0 = 5*h - 2*x - 33, h - x - 14 + 5 = 0. What are the prime factors of q(h)?
7
Let h(p) = p**3 - 1 - p + p - 8*p**2 + 5 + 7*p. Let b(i) = -7*i**3 + i**2 + 2*i + 1. Let s be b(-1). List the prime factors of h(s).
2
Suppose 0 = 4*u + j - 47, 4*j - 16 = -3*u + 16. Suppose -b - u = -4*s, -8 = b - 3*s + 4. Let d = -7 - b. What are the prime factors of d?
5
Suppose -9*z = -11*z + 16. List the prime factors of z.
2
List the prime factors of (55/15 + 4)*(-21)/(-1).
7, 23
Let h(v) = -6*v**2 - 8*v**3 + 7*v**3 + 13 - 6*v**2 - 8*v. Let z be h(-11). What are the prime factors of 1/(3 + 59/z)?
2, 5
Suppose 3*t - 38 = 2*u + 18, 5*t = -3*u + 87. What are the prime factors of t?
2, 3
Let b(i) = 5*i + 16. What are the prime factors of b(8)?
2, 7
Let s be (-43)/(-9) - 2/(-9). Let k = 8 - s. List the prime factors of k.
3
Suppose n + x = 16 + 192, -5*n = -x - 1010. What are the prime factors of n?
7, 29
Suppose -5*w - 1 = 24. Let c = 10 + w. List the prime factors of c.
5
Let k = -16 + 10. What are the prime factors of (-1)/2 - 159/k?
2, 13
Let a(m) = -2 + 8 + 8*m**2 + 3*m - 3*m - m**3. List the prime factors of a(8).
2, 3
Let k(l) = l + 4. Let i be (4/6 + 1)*3. What are the prime factors of k(i)?
3
Let c(q) be the second derivative of q**4/12 - q**2/2 + q. Let x be c(-1). What are the prime factors of 0 - 5*(x - 1)?
5
Let z be 2 + (-3)/(6 - 3). Suppose 3*a - 3*w = -5 - z, a + 5*w - 28 = 0. What are the prime factors of a?
3
Suppose 2*w = w + 14. What are the prime factors of w?
2, 7
Let w(b) = 2*b**3 - 10*b**2 + 2*b + 5. Let k be w(7). Suppose -5*d + k = -5*x, -3*x = 4*d - 39 - 112. What are the prime factors of d?
2, 5
What are the prime factors of 3/(-9) + 125/15?
2
Let d(o) = -o**2 - 7*o - 7. Let v be d(-4). Suppose b = -0*q + q + 19, 2*q + 107 = v*b. What are the prime factors of b?
23
List the prime factors of ((-16)/5)/(6/(-75)).
2, 5
Let n = 19 + 29. Suppose -k = 4*w - 24, -2*k + 2*w + w + n = 0. What are the prime factors of k?
2, 3
Suppose -2*j - 2*v = 102, -2*v - 2*v = -j - 31. Let k = 70 + j. List the prime factors of k.
23
Suppose 0 = 3*i - 8*i + 125. Suppose -3*o + 23 = -22. Let c = i - o. What are the prime factors of c?
2, 5
Suppose 0*i - 195 = -i. What are the prime factors of i?
3, 5, 13
Let g be (-2)/(-6)*(49 - -2). Let m = -50 - -107. Suppose m = 4*a + g. List the prime factors of a.
2, 5
Let r = 2 + 14. Let f = r + -10. Let v = f + 2. List the prime factors of v.
2
Let p(m) = 2*m - 2. Let y = 8 + -4. Let q(s) = -s + 7. Let t be q(y). List the prime factors of p(t).
2
Let i(o) = 2*o - 4. Let h be i(7). Let a = -3 + h. What are the prime factors of a?
7
Let t(h) = 2*h**2 + 3*h + 7. List the prime factors of t(6).
97
Let x = -18 - -22. Suppose v + 4*v + 215 = 5*a, -x*a = 5*v - 163. List the prime factors of a.
2, 3, 7
Let y be 20*(2 - (-6)/(-4)). List the prime factors of (-1 - 23)/((-15)/y).
2
Let c(t) = t**2 - 2*t + 1. Let q(i) = -i**2 - 4*i - 3. Let d be q(-2). Let f be c(d). Suppose f = 3*o - 11 - 4. What are the prime factors of o?
5
Suppose 2*v - 4*d - d + 110 = 0, 3*v + 188 = -4*d. Let y = -9 - v. What are the prime factors of y?
3, 17
Suppose w = -4*d + 14, -3 + 7 = -4*w + 4*d. Suppose 0 = -2*y + 2*h + 32, 7*h = -y + w*h + 10. What are the prime factors of y?
3, 5
Let b be (-68)/(-10) - (-8)/40. Let x(y) = -y**3 + 8*y**2 - 6*y - 5. What are the prime factors of x(b)?
2
Suppose -s - 743 = -3*k - 134, 4*s = -3*k + 594. What are the prime factors of k?
2, 101
What are the prime factors of ((-212)/20)/(2/(-10))?
53
Let y = -108 - -63. List the prime factors of (8/(-5))/(6/y).
2, 3
Let n = 42 + -12. List the prime factors of n.
2, 3, 5
List the prime factors of 2*24*(-5)/(-6 + 1).
2, 3
Let t(x) = -4*x - 6. Let d = -15 + 3. Let p = 6 + d. List the prime factors of t(p).
2, 3
Let a be 16/6*(-3)/(-2). Suppose -l - 2*l = -a*p - 39, 0 = -2*p. List the prime factors of l.
13
Suppose i = 5*q - 8, -4*i - 4 + 20 = 4*q. Suppose 0 = q*y + 2*u - u - 16, -2*y - 4*u + 4 = 0. What are the prime factors of (-44)/(-10) + 6/y?
5
Suppose 3*k + 0*k + 5*q - 3 = 0, 0 = 5*k + q - 27. Suppose -3*u + 33 = 5*s, 0*s - k = -2*s. What are the prime factors of u?
2, 3
Suppose -w + 8 = 3. Suppose 0*k - 3*r + 3 = k, 0 = w*k - r - 31. List the prime factors of k.
2, 3
Let i(b) = 2*b**2 - 7*b + 23. Let a(h) = -h**2 + 3*h - 12. Let k(j) = -5*a(j) - 2*i(j). What are the prime factors of k(0)?
2, 7
Suppose p = 3*g + g + 55, -2*p = 4*g - 50. What are the prime factors of p?
5, 7
Suppose -o - 10 = -3*o. Let b = o - 2. What ar